 of 5021?
5021
What are the prime factors of 11673?
3, 1297
List the prime factors of 2128.
2, 7, 19
List the prime factors of 35225.
5, 1409
What are the prime factors of 957?
3, 11, 29
List the prime factors of 30641.
13, 2357
List the prime factors of 11002.
2, 5501
List the prime factors of 20751.
3, 6917
List the prime factors of 18308.
2, 23, 199
List the prime factors of 997.
997
What are the prime factors of 147424?
2, 17, 271
What are the prime factors of 15494?
2, 61, 127
What are the prime factors of 1760?
2, 5, 11
What are the prime factors of 182884?
2, 13, 3517
List the prime factors of 3874.
2, 13, 149
What are the prime factors of 11728?
2, 733
List the prime factors of 12498.
2, 3, 2083
List the prime factors of 738.
2, 3, 41
What are the prime factors of 15307?
15307
List the prime factors of 2996.
2, 7, 107
What are the prime factors of 42268?
2, 10567
What are the prime factors of 5955?
3, 5, 397
List the prime factors of 41.
41
List the prime factors of 55795.
5, 11159
List the prime factors of 1660.
2, 5, 83
What are the prime factors of 1296?
2, 3
List the prime factors of 955.
5, 191
List the prime factors of 11919.
3, 29, 137
List the prime factors of 3453.
3, 1151
What are the prime factors of 1205?
5, 241
List the prime factors of 9249.
3, 3083
List the prime factors of 449.
449
What are the prime factors of 38?
2, 19
What are the prime factors of 2129?
2129
List the prime factors of 6759.
3, 751
What are the prime factors of 59048?
2, 11, 61
List the prime factors of 4692.
2, 3, 17, 23
List the prime factors of 260.
2, 5, 13
List the prime factors of 34948.
2, 8737
List the prime factors of 11389.
7, 1627
List the prime factors of 2628.
2, 3, 73
List the prime factors of 680.
2, 5, 17
What are the prime factors of 497?
7, 71
What are the prime factors of 18547?
17, 1091
What are the prime factors of 10540?
2, 5, 17, 31
List the prime factors of 60669.
3, 7, 107
What are the prime factors of 15195?
3, 5, 1013
List the prime factors of 27126.
2, 3, 11, 137
List the prime factors of 20182.
2, 10091
What are the prime factors of 290?
2, 5, 29
List the prime factors of 506.
2, 11, 23
What are the prime factors of 1058?
2, 23
List the prime factors of 4037.
11, 367
List the prime factors of 1240.
2, 5, 31
What are the prime factors of 25200?
2, 3, 5, 7
What are the prime factors of 76779?
3, 19, 449
What are the prime factors of 2320?
2, 5, 29
What are the prime factors of 742?
2, 7, 53
List the prime factors of 945.
3, 5, 7
What are the prime factors of 1083?
3, 19
What are the prime factors of 5245?
5, 1049
What are the prime factors of 261?
3, 29
What are the prime factors of 5909?
19, 311
What are the prime factors of 1947?
3, 11, 59
List the prime factors of 9028.
2, 37, 61
List the prime factors of 2093.
7, 13, 23
List the prime factors of 20631.
3, 13, 23
List the prime factors of 12046.
2, 19, 317
What are the prime factors of 28931?
7, 4133
List the prime factors of 11605.
5, 11, 211
List the prime factors of 5998.
2, 2999
What are the prime factors of 869?
11, 79
List the prime factors of 6605.
5, 1321
List the prime factors of 18795.
3, 5, 7, 179
List the prime factors of 1051.
1051
What are the prime factors of 104314?
2, 7, 7451
What are the prime factors of 27117?
3, 23, 131
List the prime factors of 54278.
2, 7, 3877
What are the prime factors of 107638?
2, 53819
What are the prime factors of 20441?
20441
What are the prime factors of 74368?
2, 7, 83
List the prime factors of 6130.
2, 5, 613
List the prime factors of 46568.
2, 5821
What are the prime factors of 40275?
3, 5, 179
What are the prime factors of 2570?
2, 5, 257
List the prime factors of 70498.
2, 101, 349
What are the prime factors of 10003?
7, 1429
List the prime factors of 602.
2, 7, 43
List the prime factors of 1698.
2, 3, 283
List the prime factors of 9042.
2, 3, 11, 137
What are the prime factors of 14367?
3, 4789
List the prime factors of 3174.
2, 3, 23
List the prime factors of 2631.
3, 877
What are the prime factors of 8742?
2, 3, 31, 47
What are the prime factors of 42667?
42667
What are the prime factors of 4200?
2, 3, 5, 7
List the prime factors of 74665.
5, 109, 137
List the prime factors of 3062.
2, 1531
What are the prime factors of 8060?
2, 5, 13, 31
What are the prime factors of 36663?
3, 11, 101
List the prime factors of 30378.
2, 3, 61, 83
List the prime factors of 1964.
2, 491
List the prime factors of 15837.
3, 5279
What are the prime factors of 48096?
2, 3, 167
What are the prime factors of 9601?
9601
List the prime factors of 10586.
2, 67, 79
List the prime factors of 1282.
2, 641
What are the prime factors of 69?
3, 23
List the prime factors of 2957.
2957
What are the prime factors of 9341?
9341
What are the prime factors of 2468?
2, 617
What are the prime factors of 6516?
2, 3, 181
What are the prime factors of 14888?
2, 1861
What are the prime factors of 16539?
3, 37, 149
List the prime factors of 4628.
2, 13, 89
List the prime factors of 2166.
2, 3, 19
What are the prime factors of 25149?
3, 83, 101
What are the prime factors of 1086?
2, 3, 181
What are the prime factors of 896?
2, 7
What are the prime factors of 101268?
2, 3, 29, 97
List the prime factors of 1120.
2, 5, 7
List the prime factors of 14375.
5, 23
List the prime factors of 874.
2, 19, 23
What are the prime factors of 299?
13, 23
List the prime factors of 3190.
2, 5, 11, 29
List the prime factors of 153208.
2, 11, 1741
List the prime factors of 29416.
2, 3677
What are the prime factors of 1064?
2, 7, 19
What are the prime factors of 5187?
3, 7, 13, 19
List the prime factors of 2217.
3, 739
What are the prime factors of 255?
3, 5, 17
What are the prime factors of 195700?
2, 5, 19, 103
What are the prime factors of 66055?
5, 11, 1201
List the prime factors of 9682.
2, 47, 103
List the prime factors of 610.
2, 5, 61
What are the prime factors of 29586?
2, 3, 4931
What are the prime factors of 50777?
50777
List the prime factors of 3058.
2, 11, 139
What are the prime factors of 1007?
19, 53
List the prime factors of 14275.
5, 571
What are the prime factors of 8161?
8161
What are the prime factors of 10518?
2, 3, 1753
List the prime factors of 276.
2, 3, 23
List the prime factors of 41793.
3, 13931
What are the prime factors of 2197?
13
What are the prime factors of 2607?
3, 11, 79
What are the prime factors of 1757?
7, 251
List the prime factors of 53285.
5, 10657
List the prime factors of 1002.
2, 3, 167
What are the prime factors of 27076?
2, 7, 967
List the prime factors of 83230.
2, 5, 7, 29, 41
What are the prime factors of 2931?
3, 977
What are the prime factors of 561?
3, 11, 17
List the prime factors of 8874.
2, 3, 17, 29
What are the prime factors of 2480?
2, 5, 31
List the prime factors of 3720.
2, 3, 5, 31
What are the prime factors of 3783?
3, 13, 97
What are the prime factors of 121977?
3, 13553
What are the prime factors of 1571?
1571
What are the prime factors of 748?
2, 11, 17
List the prime factors of 2003.
2003
List the prime factors of 26640.
2, 3, 5, 37
List the prime factors of 144.
2, 3
List the prime factors of 4763.
11, 433
List the prime factors of 9362.
2, 31, 151
What are the prime factors of 9974?
2, 4987
List the prime factors of 72425.
5, 2897
What are the prime factors of 205?
5, 41
What are the prime factors of 141?
3, 47
What are the prime factors of 1608?
2, 3, 67
List the prime factors of 7004.
2, 17, 103
List the prime factors of 386.
2, 193
What are the prime factors of 2925?
3, 5, 13
What are the prime factors of 4628?
2, 13, 89
What are the prime factors of 527?
17, 31
List the prime factors of 870.
2, 3, 5, 29
What are the prime factors of 312?
2, 3, 13
What are the prime factors of 10281?
3, 23, 149
What are the prime factors of 2658?
2, 3, 443
What are the prime factors of 1329?
3, 443
List the prime factors of 143246.
2, 67, 1069
What are the prime factors of 3542?
2, 7, 11, 23
What are the prime factors of 18414?
2, 3, 11, 31
What are the prime factors of 3901?
47, 83
List the prime factors of 70288.
2, 23, 191
List the prime factors of 25760.
2, 5, 7, 23
List the prime factors of 11779.
11779
List the prime factors of 80525.
5, 3221
List the prime factors of 6144.
2, 3
What are the prime factors of 40072?
2, 500